is the tens digit of 5932?
3
What is the units digit of 20645?
5
What is the hundreds digit of 20724?
7
What is the thousands digit of 28350?
8
What is the hundreds digit of 148?
1
What is the units digit of 139?
9
What is the units digit of 205?
5
What is the hundreds digit of 439?
4
What is the tens digit of 1464?
6
What is the units digit of 260?
0
What is the ten thousands digit of 101705?
0
What is the units digit of 70305?
5
What is the units digit of 524?
4
What is the hundreds digit of 42355?
3
What is the units digit of 114?
4
What is the hundreds digit of 699?
6
What is the units digit of 1724?
4
What is the thousands digit of 58913?
8
What is the thousands digit of 1097?
1
What is the thousands digit of 1995?
1
What is the tens digit of 3642?
4
What is the thousands digit of 38320?
8
What is the tens digit of 7572?
7
What is the hundreds digit of 749?
7
What is the thousands digit of 78860?
8
What is the hundreds digit of 3454?
4
What is the hundreds digit of 5128?
1
What is the hundreds digit of 7394?
3
What is the thousands digit of 92543?
2
What is the units digit of 674?
4
What is the units digit of 3783?
3
What is the hundreds digit of 65571?
5
What is the thousands digit of 29273?
9
What is the hundreds digit of 8298?
2
What is the ten thousands digit of 16590?
1
What is the units digit of 38612?
2
What is the tens digit of 17752?
5
What is the tens digit of 15331?
3
What is the tens digit of 2301?
0
What is the tens digit of 2667?
6
What is the units digit of 6038?
8
What is the thousands digit of 29887?
9
What is the tens digit of 547?
4
What is the tens digit of 2953?
5
What is the hundreds digit of 3329?
3
What is the units digit of 1203?
3
What is the units digit of 45794?
4
What is the units digit of 29067?
7
What is the thousands digit of 1130?
1
What is the hundreds digit of 365?
3
What is the hundreds digit of 87042?
0
What is the thousands digit of 1560?
1
What is the units digit of 748?
8
What is the tens digit of 1266?
6
What is the units digit of 171931?
1
What is the hundreds digit of 15583?
5
What is the hundreds digit of 5266?
2
What is the units digit of 29333?
3
What is the tens digit of 9288?
8
What is the hundreds digit of 510?
5
What is the units digit of 76524?
4
What is the units digit of 71592?
2
What is the hundreds digit of 1723?
7
What is the tens digit of 3648?
4
What is the tens digit of 2100?
0
What is the thousands digit of 19898?
9
What is the thousands digit of 31072?
1
What is the thousands digit of 1506?
1
What is the hundred thousands digit of 113717?
1
What is the thousands digit of 3001?
3
What is the tens digit of 14598?
9
What is the hundreds digit of 27509?
5
What is the units digit of 7674?
4
What is the tens digit of 2204?
0
What is the units digit of 35648?
8
What is the tens digit of 5084?
8
What is the tens digit of 136551?
5
What is the units digit of 604?
4
What is the hundreds digit of 7890?
8
What is the tens digit of 1005?
0
What is the units digit of 5482?
2
What is the tens digit of 140380?
8
What is the tens digit of 4279?
7
What is the units digit of 18284?
4
What is the thousands digit of 6301?
6
What is the tens digit of 247?
4
What is the ten thousands digit of 87184?
8
What is the units digit of 2033?
3
What is the thousands digit of 27464?
7
What is the units digit of 4428?
8
What is the units digit of 21134?
4
What is the ten thousands digit of 50256?
5
What is the tens digit of 2413?
1
What is the units digit of 2523?
3
What is the tens digit of 944?
4
What is the hundreds digit of 167509?
5
What is the tens digit of 7647?
4
What is the units digit of 61642?
2
What is the thousands digit of 2938?
2
What is the hundreds digit of 15849?
8
What is the units digit of 8728?
8
What is the hundreds digit of 113928?
9
What is the ten thousands digit of 35897?
3
What is the hundreds digit of 1309?
3
What is the hundreds digit of 526?
5
What is the hundreds digit of 255?
2
What is the tens digit of 6930?
3
What is the hundreds digit of 9896?
8
What is the thousands digit of 35082?
5
What is the thousands digit of 3105?
3
What is the tens digit of 6363?
6
What is the hundreds digit of 5111?
1
What is the tens digit of 57764?
6
What is the thousands digit of 1360?
1
What is the hundreds digit of 2477?
4
What is the units digit of 2747?
7
What is the tens digit of 6170?
7
What is the thousands digit of 3656?
3
What is the hundreds digit of 1883?
8
What is the units digit of 414?
4
What is the tens digit of 3956?
5
What is the hundreds digit of 2805?
8
What is the hundreds digit of 1294?
2
What is the tens digit of 11053?
5
What is the ten thousands digit of 31004?
3
What is the hundreds digit of 24648?
6
What is the units digit of 1170?
0
What is the units digit of 922?
2
What is the tens digit of 4766?
6
What is the units digit of 17714?
4
What is the units digit of 2386?
6
What is the hundreds digit of 431?
4
What is the tens digit of 78525?
2
What is the thousands digit of 20245?
0
What is the thousands digit of 84591?
4
What is the thousands digit of 1907?
1
What is the hundreds digit of 68506?
5
What is the ten thousands digit of 49670?
4
What is the tens digit of 1046?
4
What is the tens digit of 16518?
1
What is the ten thousands digit of 40651?
4
What is the thousands digit of 9634?
9
What is the tens digit of 11746?
4
What is the thousands digit of 8117?
8
What is the units digit of 1026?
6
What is the units digit of 10089?
9
What is the hundreds digit of 3067?
0
What is the units digit of 1789?
9
What is the thousands digit of 4718?
4
What is the units digit of 3848?
8
What is the thousands digit of 4854?
4
What is the hundred thousands digit of 100918?
1
What is the thousands digit of 5710?
5
What is the units digit of 214?
4
What is the thousands digit of 1000?
1
What is the tens digit of 3822?
2
What is the thousands digit of 95742?
5
What is the hundreds digit of 948?
9
What is the tens digit of 77782?
8
What is the hundreds digit of 21994?
9
What is the units digit of 32?
2
What is the thousands digit of 8525?
8
What is the hundreds digit of 44640?
6
What is the thousands digit of 8945?
8
What is the units digit of 37476?
6
What is the hundreds digit of 1051?
0
What is the hundreds digit of 1336?
3
What is the units digit of 2564?
4
What is the hundreds digit of 991?
9
What is the tens digit of 948?
4
What is the units digit of 25916?
6
What is the tens digit of 834?
3
What is the units digit of 60286?
6
What is the units digit of 1020?
0
What is the hundreds digit of 43710?
7
What is the thousands digit of 1066?
1
What is the hundreds digit of 3542?
5
What is the units digit of 2326?
6
What is the units digit of 6673?
3
What is the hundreds digit of 786?
7
What is the units digit of 11367?
7
What is the hundreds digit of 1485?
4
What is the units digit of 15699?
9
What is the hundreds digit of 932?
9
What is the ten thousands digit of 31090?
3
What is the hundreds digit of 26535?
5
What is the units digit of 2264?
4
What is the hundreds digit of 300?
3
What is the units digit of 42873?
3
What is the units digit of 5920?
0
What is the units digit of 7757?
7
What is the ten thousands digit of 25111?
2
What is the hundreds digit of 60668?
6
What is the units digit of 6183?
3
What is the hundreds digit of 6862?
8
What is the thousands digit of 1735?
1
What is the tens digit of 5020?
2
What is the thousands digit of 3182?
3
What is the thousands digit of 27091?
7
What is the thousands digit of 45099?
5
What is the hundreds digit of 558?
5
What is the hundreds digit of 52242?
2
What is the thousands digit of 3621?
3
What is the tens digit of 17560?
6
What is the hundreds digit of 244?
2
What is the hundreds digit of 28822?
8
What is the units digit of 2788?
8
What is the hundreds digit of 23760?
7
What is the hundreds digit of 1067?
0
What is the units digit of 7746?
6
What is the ten thousands digit of 26393?
2
What is the ten thousands digit of 17350?
1
What is the thousands digit of 8222?
8
What is the ten thousands digit of 14191?
1
What is the tens digit of 4114?
1
What is the tens digit of 5456?
5
What is the hundreds digit of 869?
8
What is the hundreds digit of 10511?
5
What is the hundreds digit of 44253?
2
What is the tens digit of 221?
2
What is the ten